 of 1556048.
2, 13, 7481
What are the prime factors of 91645?
5, 18329
What are the prime factors of 14248677?
3, 59, 79, 1019
List the prime factors of 343780.
2, 5, 17189
What are the prime factors of 18031396?
2, 4507849
What are the prime factors of 464125?
5, 47, 79
What are the prime factors of 3113908?
2, 7, 111211
What are the prime factors of 2254270?
2, 5, 225427
List the prime factors of 138376.
2, 7, 353
List the prime factors of 14138.
2, 7069
What are the prime factors of 676363?
676363
What are the prime factors of 1340790?
2, 3, 5, 11, 17, 239
List the prime factors of 1840638.
2, 3, 139, 2207
List the prime factors of 31091557.
7, 383, 11597
List the prime factors of 2333631.
3, 777877
What are the prime factors of 20008931?
53, 377527
List the prime factors of 14807680.
2, 5, 17, 1361
List the prime factors of 16072451.
41, 392011
List the prime factors of 5201775.
3, 5, 61, 379
What are the prime factors of 7692968?
2, 101, 9521
List the prime factors of 5221.
23, 227
What are the prime factors of 1216443?
3, 71, 5711
What are the prime factors of 4480754?
2, 2240377
What are the prime factors of 12381143?
193, 64151
What are the prime factors of 167920?
2, 5, 2099
What are the prime factors of 9873693?
3, 23, 47699
List the prime factors of 6097391.
2017, 3023
What are the prime factors of 4277671?
4277671
What are the prime factors of 314714?
2, 53, 2969
List the prime factors of 8847664.
2, 7, 197, 401
List the prime factors of 2818129.
271, 10399
List the prime factors of 2627476.
2, 113, 5813
What are the prime factors of 29187?
3, 23, 47
What are the prime factors of 2934038?
2, 941, 1559
What are the prime factors of 1224748?
2, 7, 17, 31, 83
List the prime factors of 271975.
5, 11, 23, 43
What are the prime factors of 2325729?
3, 7, 110749
List the prime factors of 41840.
2, 5, 523
List the prime factors of 516860.
2, 5, 43, 601
List the prime factors of 149679.
3, 16631
What are the prime factors of 4203573?
3, 11, 17, 59, 127
List the prime factors of 302940.
2, 3, 5, 11, 17
List the prime factors of 65613.
3, 21871
List the prime factors of 593910.
2, 3, 5, 6599
List the prime factors of 2808248.
2, 351031
What are the prime factors of 4924899?
3, 7, 78173
List the prime factors of 6389037.
3, 78877
What are the prime factors of 8947025?
5, 167, 2143
List the prime factors of 1344430.
2, 5, 134443
What are the prime factors of 127028?
2, 11, 2887
What are the prime factors of 16614133?
16614133
What are the prime factors of 955123?
13, 73471
What are the prime factors of 17177277?
3, 13, 440443
List the prime factors of 75104.
2, 2347
List the prime factors of 1152964.
2, 288241
List the prime factors of 16170341.
11, 389, 3779
What are the prime factors of 326273?
83, 3931
List the prime factors of 545286.
2, 3, 7, 12983
What are the prime factors of 8582758?
2, 509, 8431
What are the prime factors of 3827421?
3, 13, 32713
List the prime factors of 196207.
11, 17837
List the prime factors of 14265133.
107, 133319
List the prime factors of 10307949.
3, 59, 58237
What are the prime factors of 15662455?
5, 229, 13679
What are the prime factors of 10975856?
2, 685991
What are the prime factors of 83100?
2, 3, 5, 277
List the prime factors of 419910.
2, 3, 5, 13997
What are the prime factors of 176532?
2, 3, 47, 313
List the prime factors of 979371.
3, 107, 113
List the prime factors of 1131090.
2, 3, 5, 37, 1019
What are the prime factors of 942635?
5, 188527
What are the prime factors of 708008?
2, 7, 47, 269
What are the prime factors of 1954214?
2, 977107
What are the prime factors of 1804607?
7, 71, 3631
What are the prime factors of 6200422?
2, 19, 163169
List the prime factors of 28786.
2, 37, 389
What are the prime factors of 487853?
23, 21211
What are the prime factors of 725673?
3, 13, 23, 809
What are the prime factors of 11089319?
11089319
What are the prime factors of 258698?
2, 11, 1069
List the prime factors of 943378.
2, 83, 5683
What are the prime factors of 924631?
47, 103, 191
List the prime factors of 10304998.
2, 11, 383, 1223
List the prime factors of 1739205.
3, 5, 13, 991
What are the prime factors of 1218556?
2, 353, 863
What are the prime factors of 1976639?
7, 282377
What are the prime factors of 36866188?
2, 9216547
List the prime factors of 569348.
2, 13, 10949
What are the prime factors of 16589?
53, 313
List the prime factors of 420532.
2, 7, 23, 653
List the prime factors of 20252621.
101, 239, 839
List the prime factors of 274483.
11, 24953
What are the prime factors of 159351?
3, 53117
List the prime factors of 527805.
3, 5, 37, 317
What are the prime factors of 183761?
183761
What are the prime factors of 732564?
2, 3, 7, 17, 19
What are the prime factors of 15942648?
2, 3, 101, 6577
What are the prime factors of 111867?
3, 7, 761
What are the prime factors of 212436?
2, 3, 7, 281
List the prime factors of 5310886.
2, 7, 29, 103, 127
What are the prime factors of 17482?
2, 8741
What are the prime factors of 8894562?
2, 3, 47, 31541
List the prime factors of 1152767.
7, 11, 1361
List the prime factors of 4425189.
3, 103, 14321
List the prime factors of 5088619.
31, 164149
What are the prime factors of 13901703?
3, 4633901
List the prime factors of 12260570.
2, 5, 7, 17, 10303
What are the prime factors of 363725?
5, 14549
List the prime factors of 3947191.
23, 171617
List the prime factors of 314551.
17, 18503
What are the prime factors of 2010938?
2, 43, 67, 349
What are the prime factors of 124088?
2, 15511
What are the prime factors of 3425400?
2, 3, 5, 11, 173
List the prime factors of 17807434.
2, 37, 240641
List the prime factors of 312714.
2, 3, 5791
What are the prime factors of 8326086?
2, 3, 1387681
List the prime factors of 428909.
13, 32993
What are the prime factors of 3201862?
2, 283, 5657
What are the prime factors of 621203?
11, 56473
List the prime factors of 1327951.
23, 57737
What are the prime factors of 31799738?
2, 31, 512899
List the prime factors of 1478866.
2, 739433
List the prime factors of 186614.
2, 93307
What are the prime factors of 9421770?
2, 3, 5, 314059
List the prime factors of 2119966.
2, 31, 1103
What are the prime factors of 18443755?
5, 11, 335341
What are the prime factors of 2475314?
2, 271, 4567
List the prime factors of 81059.
11, 7369
What are the prime factors of 16886231?
19, 229, 3881
What are the prime factors of 7413966?
2, 3, 7, 29, 2029
List the prime factors of 1887660.
2, 3, 5, 10487
List the prime factors of 608293.
7, 67, 1297
What are the prime factors of 87681?
3, 11, 2657
List the prime factors of 388882.
2, 13, 14957
What are the prime factors of 14087091?
3, 373, 12589
List the prime factors of 29624236.
2, 139, 53281
What are the prime factors of 791367?
3, 17, 59, 263
What are the prime factors of 5950047?
3, 31, 137, 467
What are the prime factors of 228937?
47, 4871
What are the prime factors of 4581721?
17, 269513
List the prime factors of 1389438.
2, 3, 77191
What are the prime factors of 225530?
2, 5, 19, 1187
List the prime factors of 782091.
3, 67, 1297
What are the prime factors of 331198?
2, 7, 41, 577
What are the prime factors of 2259838?
2, 7, 31, 41, 127
List the prime factors of 7245.
3, 5, 7, 23
List the prime factors of 728980.
2, 5, 7, 41, 127
What are the prime factors of 217794?
2, 3, 36299
What are the prime factors of 8880999?
3, 19, 37, 4211
What are the prime factors of 172914?
2, 3, 7, 23, 179
What are the prime factors of 2151112?
2, 17, 15817
What are the prime factors of 71630?
2, 5, 13, 19, 29
What are the prime factors of 1512422?
2, 17, 44483
What are the prime factors of 1041996?
2, 3, 71, 1223
What are the prime factors of 25101286?
2, 7, 347, 5167
What are the prime factors of 568383?
3, 41, 4621
What are the prime factors of 994705?
5, 198941
List the prime factors of 675324.
2, 3, 13, 37
What are the prime factors of 2661253?
7, 380179
What are the prime factors of 544456?
2, 11, 23, 269
What are the prime factors of 1259810?
2, 5, 53, 2377
List the prime factors of 18626119.
18626119
What are the prime factors of 10912604?
2, 1373, 1987
List the prime factors of 831778.
2, 29, 14341
What are the prime factors of 61121?
61121
What are the prime factors of 48794?
2, 31, 787
List the p